j(b) = -7*b + 28. Give j(5).
-7
Let b(p) = -15*p + 44. What is b(10)?
-106
Let k(c) = -192*c + 2306. Give k(12).
2
Let y(r) = -r**3 - 17*r**2 + 6*r + 20. What is y(-17)?
-82
Let z(f) = -114*f - 908. Give z(-8).
4
Let v(r) = r + 3. Calculate v(3).
6
Let i(u) = u**3 + 7*u**2 - 7*u + 5. Give i(-8).
-3
Let j(s) = -2*s**2 + 13*s - 3. Give j(7).
-10
Let q(h) = -h**3 - 9*h**2 + h - 11. What is q(-9)?
-20
Let n(m) = -m**3 - 5*m**2 + 3*m + 4. Give n(-5).
-11
Let t(v) = 4*v**2 + 3*v + 2. Give t(-3).
29
Let v(g) = -2*g**2 - 63*g + 52. Calculate v(-32).
20
Let j(m) = 2*m - 7. Determine j(6).
5
Let l(f) = -f**3 + 20*f**2 - 17*f + 30. Determine l(19).
68
Let s(y) = 3*y**3 + 3*y**2 + 6*y + 1. Calculate s(-2).
-23
Let u(r) = 6*r + 21. Determine u(-3).
3
Let f(u) = u**2 + 2*u - 11. Calculate f(3).
4
Let q(t) = -2*t**3 + 39*t**2 + 22*t - 30. Calculate q(20).
10
Let j(d) = d**3 - 8*d**2 - 14*d + 8. What is j(9)?
-37
Let b(u) = -u**3 - 5*u**2 + 21*u + 13. Give b(-8).
37
Let v(d) = d**3 + 3*d**2 - 2*d + 11. Determine v(-5).
-29
Let j(u) = 2*u**3 + 7*u**2 + 4*u - 13. What is j(-5)?
-108
Let f(p) = -p**2 + 8*p - 21. What is f(5)?
-6
Let z(w) = 33*w**3 - 3*w + 2. Determine z(1).
32
Let y(a) = a**3 - 30*a**2 - 32*a + 27. Calculate y(31).
-4
Let p(k) = -k**3 - 17*k**2 - 16*k - 14. What is p(-16)?
-14
Let q(g) = g**3 - 7*g**2 - 13*g + 6. Determine q(8).
-34
Let p(m) = -m**2 + 23. Give p(-7).
-26
Let f(y) = -2*y**3 - 7*y**2 + 2*y - 7. Determine f(-4).
1
Let q(p) = -3*p - 31. Determine q(-3).
-22
Let y(h) = 7*h + 1. What is y(2)?
15
Let g(p) = 3*p + 98. Calculate g(-34).
-4
Let u(c) = -c**3 + 5*c**2 - 3*c - 12. Calculate u(4).
-8
Let m(l) = l**3 + 7*l**2 + 2*l + 7. Determine m(-7).
-7
Let m(z) = 7*z + 83. Determine m(-16).
-29
Let v(f) = f**2 + 6*f - 7. Determine v(-8).
9
Let h(b) = -b**2 - 4*b - 8. Calculate h(0).
-8
Let t(j) = 3*j - 1. What is t(-20)?
-61
Let x(r) = 8*r**3 - 3*r**2 + r + 3. What is x(-1)?
-9
Let l(r) = -8*r - 32. Give l(-4).
0
Let m(h) = 2*h**3 - 5*h**2 + 4*h + 2. Give m(4).
66
Let z(o) = 7*o + 4. Determine z(4).
32
Let g(j) = 2*j**3 + 11*j**2 + 12*j + 33. Determine g(-5).
-2
Let w(a) = a - 22. Calculate w(21).
-1
Let z(t) = t**2 - 7*t - 8. What is z(8)?
0
Let l(n) = -n**3 + 4*n**2 + 2*n - 1. Calculate l(4).
7
Let t(g) = g - 7. Determine t(7).
0
Let a(h) = 16*h - 108. Give a(7).
4
Let d(t) = -t**3 - t**2 + 18*t + 9. Give d(4).
1
Let t(p) = -5*p + 75. Determine t(21).
-30
Let r(h) = h**3 + 7*h**2 + 11*h + 10. Give r(-5).
5
Let v(a) = -a - 30. Give v(-16).
-14
Let m(d) = 6*d + 55. Determine m(-8).
7
Let d(x) = 3*x - 9. Calculate d(8).
15
Let d(z) = -z**2 + 4*z + 3. Give d(-4).
-29
Let y(d) = -d**2 - 2*d + 11. Calculate y(-5).
-4
Let i(n) = -n**2 + 10*n - 28. Determine i(3).
-7
Let r(s) = -2*s**2 + 18*s - 11. What is r(11)?
-55
Let i(g) = -g**3 + 18*g**2 - 19*g + 24. Calculate i(17).
-10
Let x(a) = -a**3 + 10*a**2 - 4*a - 1. Calculate x(7).
118
Let v(d) = -d - 6. Determine v(2).
-8
Let z(a) = -113*a**2 + 3*a + 2. Give z(-1).
-114
Let s(v) = 50*v + 4. What is s(1)?
54
Let m(u) = u**3 + 15*u**2 + 16*u + 28. Give m(-14).
0
Let b(x) = x**3 + 8*x**2 + 5*x - 7. What is b(-7)?
7
Let q(a) = -a**3 - 29*a**2 - 27*a + 7. Give q(-28).
-21
Let q(i) = -6*i - 51. Calculate q(-8).
-3
Let z(r) = r**3 + 15*r**2 - 15*r + 12. Calculate z(-16).
-4
Let j(h) = -h**2 + 10*h - 14. Determine j(2).
2
Let d(f) = -f**3 + 8*f**2 - 13*f - 9. Give d(6).
-15
Let y(l) = l**3 + 11*l**2 + 13*l + 45. Calculate y(-10).
15
Let o(z) = -z**3 - 4*z**2 + 47*z + 42. Determine o(-9).
24
Let b(g) = -2*g**2 - 9*g - 1. Calculate b(-5).
-6
Let n(h) = 10*h - 2. Give n(2).
18
Let q(c) = 2*c**3 - 63*c**2 + 87*c + 83. What is q(30)?
-7
Let k(r) = 2*r**3 - 19*r**2 - 32*r - 12. Give k(11).
-1
Let u(s) = s**2 + 44*s + 119. Give u(-3).
-4
Let h(s) = s**3 + 2*s**2 + 5*s + 5. Give h(-4).
-47
Let n(u) = 4*u - 18. Determine n(9).
18
Let j(o) = -o**2 + 13*o - 16. Calculate j(12).
-4
Let a(n) = -n**3 + 2*n**2 + 6*n - 7. Determine a(5).
-52
Let g(a) = -a**2 + a - 7. Give g(5).
-27
Let u(c) = -23*c - 74. What is u(-3)?
-5
Let y(j) = 2*j**2 - 5*j. What is y(4)?
12
Let p(k) = -k**2 + 11*k + 1. Give p(8).
25
Let g(p) = p**2 + 6*p + 11. Give g(-6).
11
Let d(c) = -3*c - 22. Calculate d(-9).
5
Let o(x) = x**3 + x**2 + 2*x - 6. Calculate o(2).
10
Let j(q) = q**3 - q**2 - 5*q + 4. Determine j(3).
7
Let y(v) = v**2 - 35*v + 262. Calculate y(11).
-2
Let y(m) = m - 89. Determine y(0).
-89
Let i(h) = -2*h**3 + 11*h**2 + 3*h + 5. Give i(6).
-13
Let x(r) = -r**3 + 10*r**2 - 18*r + 9. Calculate x(8).
-7
Let x(n) = -n**2 + 10*n - 15. Give x(4).
9
Let m(p) = -3*p**2 + 5*p + 3. What is m(7)?
-109
Let t(y) = 2*y**2 - 9*y + 9. What is t(3)?
0
Let r(y) = y**3 + 11*y**2 + 8*y - 11. Calculate r(-10).
9
Let v(c) = c**3 + 6*c**2 - 6. Give v(-6).
-6
Let b(j) = 2*j - 13. What is b(8)?
3
Let i(a) = 4*a - 6. Calculate i(8).
26
Let p(q) = -q + 8. Calculate p(4).
4
Let z(o) = o**2 - 6*o + 46. What is z(12)?
118
Let l(k) = -2*k - 27. Determine l(6).
-39
Let q(f) = -f**2 - 20*f + 13. Give q(-21).
-8
Let n(x) = -x + 66. Give n(19).
47
Let n(m) = -m**2 - 20*m - 18. What is n(-16)?
46
Let s(l) = l + 27. Determine s(0).
27
Let a(p) = p - 1. Give a(3).
2
Let o(b) = b**2 + b - 11. Calculate o(-4).
1
Let g(c) = -7*c - 121. Determine g(-18).
5
Let f(i) = i**2 + 19*i + 30. Calculate f(-16).
-18
Let v(u) = -17*u**3 + u**2 + 12*u - 11. Give v(1).
-15
Let m(d) = 86*d + 260. What is m(-3)?
2
Let z(h) = -h**3 - 26*h**2 - 19*h + 165. Determine z(-25).
15
Let q(x) = 11*x + 8. Determine q(-2).
-14
Let p(z) = 3*z**2 - 10*z + 4. What is p(4)?
12
Let z(b) = 2*b**3 + 15*b**2 + 18*b + 16. What is z(-7)?
-61
Let f(o) = -5*o - 19. Determine f(-7).
16
Let j(v) = v**3 - 6*v**2 - 2*v + 13. Give j(6).
1
Let s(i) = -77*i + 775. What is s(10)?
5
Let y(i) = 37*i + 229. Give y(-6).
7
Let k(d) = -d**3 + 6*d - 5. Give k(2).
-1
Let n(c) = -c**3 - 5*c**2 - 2*c + 2. What is n(-4)?
-6
Let z(l) = -2*l + 6. Determine z(-4).
14
Let q(i) = -i**2 + i + 19. What is q(-7)?
-37
Let x(d) = -4*d**2 - 5. Calculate x(-3).
-41
Let h(n) = n**3 - 5*n**2 - 12*n - 16. What is h(7)?
-2
Let o(c) = -c**2 + 33. Determine o(-9).
-48
Let f(l) = -32*l**3 - 2*l**2 + 2*l. Give f(1).
-32
Let z(x) = -x**2 - 13*x - 25. Calculate z(-10).
5
Let a(s) = s**2 - 4*s - 6. What is a(-2)?
6
Let w(m) = m**2 - 10*m + 11. What is w(9)?
2
Let f(v) = 17*v + 161. Give f(-10).
-9
Let a(h) = -h - 5. Give a(-6).
1
Let d(y) = -2*y**2 + 44*y + 54. Give d(23).
8
Let d(s) = 16*s + 736. Calculate d(-46).
0
Let t(w) = -2*w - 27. Determine t(-17).
7
Let d(q) = -q**3 - 4*q**2 + 4*q + 13. Give d(-4).
-3
Let k(j) = j**3 + 5*j**2 + 2*j - 4. Give k(-3).
8
Let k(w) = -w - 12. Determine k(6).
-18
Let g(n) = n**3 + 15*n**2 + 15*n + 21. Determine g(-14).
7
Let l(z) = 2*z**3 + 8*z**2 - 9*z + 1. Determine l(-5).
-4
Let y(p) = -p**3 - 10*p**2 + 8*p + 6. Calculate y(-11).
39
Let l(t) = -t**3 - t**2 + 8*t - 21. Determine l(-4).
-5
Let z(t) = -t**2 + 9*t - 5. Calculate z(6).
13
Let w(o) = -o**3 + 3*o**2 + 3*o. Give w(2).
10
Let r(o) = -6*o - 4. Calculate r(-6).
32
Let k(y) = y**3 - 11*y**2 - 13*y + 19. What is k(12)?
7
Let l(u) = -u**2 + 9*u - 14. What is l(12)?
-50
Let k(l) = -l**2 - 5*l + 48. Calculate k(-9).
12
Let m(v) = 6*v + 46. What is m(-7)?
4
Let q(w) = -w**3 + 5*w**2 + 8*w - 14. Give q(6).
-2
Let s(n) = 3*n - 1. Give s(4).
11
Let q(d) = -2*d - 6. Give q(20).
-46
Let k(j) = 4*j - 4. Calculate k(1).
0
Let r(a) = 2*a**2 - 23*a + 68. Calculate r(4).
8
Let n(v) = -18*v + 36. What is n(2)?
0
Let b(y) = -17*y**2 - 10*y - 8. What is b(-2)?
-56
Let k(p) = p**2 + 3*p + 3. Calculate k(-5).
13
Let h(a) = a**3 - 17*a**2 + 17*a - 13. Give h(16).
3
Let v(g) = -g**3 + 7*g**2 - 7*g + 6. What is v(5)?
21
Let r(u) = u + 7. What is r(-8)?
-1
Let s(u) = 13*u - 201. Calculate s(16).
7
Let o(q) = -q + 12. Calculate o(11).
1
Let q(j) = -j**3 + 2*j**2 + j - 2. Determine q(2).
0
Let w(d) = 4*d**3 - 2*d**2 - 3*d + 1. Give w(-2).
-33
Let c(w) = w - 48. Determine c(19).
-29
Let d(w) = -w**2 - 2*w + 3. Calculate d(-3).
0
Let i(c) = 2*c**2 + 42*c + 112. Determine i(-18).
4
Let p(y) = -15*y - 4. Calculate p(-1).
11
Let s(i) = -3*i**3 + 2*i**2 - 8. Determine s(3).
-71
Let m(w) = 38*w + 110. Determine m(-3).
-4
Let q(y) = -y - 8. Calculate q(0).
-8
Let d(j) = j**3 + 9*j**2 + 